e -8 - ((22 - 9) + -30).
9
-8 - (-2 + (-3 - -2))
-5
(3 - 3) + (-1 - 2 - -4)
1
What is (-14 + 4 - -3) + 3 - -1?
-3
Evaluate 4 + 1 + (-69 - -28) + 27.
-9
Evaluate -6 + (-1 - 2) + 4.
-5
Calculate (-5 + 0 - (-12 - -9)) + 3.
1
Evaluate -4 + 0 - -2 - 0.
-2
Calculate 3 + -3 + 2 + 0.
2
What is the value of 0 + -6 - (-6 - -2) - 6?
-8
What is the value of -1 - -5 - (-1 + 7)?
-2
Calculate 7 - (5 + -5 + 3 - 0).
4
Evaluate (16 - 22 - (-3 - 0)) + 5.
2
Evaluate -3 + 2 - (7 + -3).
-5
1 + (-3 + 5 - 1) + 0
2
What is 0 + (4 - (1 + (0 - -3)))?
0
Evaluate 4 - 5 - (12 - 19).
6
What is the value of 1 + -1 - (5 - (6 + 0))?
1
What is (49 - 52) + 2 + (1 - 0)?
0
Calculate 8 - (1 - 6 - -6).
7
Calculate 3 + (0 - 1) - (-34 - -36).
0
(-23 - -21) + (3 - 1 - 7)
-7
Calculate 3 + -19 + 17 + -3.
-2
What is the value of -25 + 17 - (-2 - 1)?
-5
What is the value of -5 - -3 - (3 + -3)?
-2
Evaluate -1 + (0 - (-1 + (0 - -2))).
-2
What is the value of (-1 - -5) + -4 - 5?
-5
What is the value of 3 - (1 + 3 + -1 + -1)?
1
What is the value of 3 + (4 - (-1 - -4) - 4)?
0
What is 5 + (-1 - -1 - (-18 + 21))?
2
Evaluate -47 - -53 - (1 + 11).
-6
What is the value of 1 + 1 + (-4 - -4) + -4?
-2
-1 - -5 - -1 - 2
3
-5 - (-24 + 15 + -1 + 0)
5
What is 4 + 1 + -5 - -8 - -1?
9
Evaluate (-3 - -4) + (7 - 15).
-7
Calculate (-9 - 6) + 10 + (0 - -7).
2
What is the value of -6 + (-1 - -7) - 3?
-3
Evaluate (2 - 3 - 4) + 2 + 2.
-1
What is the value of -9 - -14 - (3 + -2)?
4
-6 - -14 - (6 + 1)
1
What is 3 + -8 + -1 - -11?
5
What is the value of -5 - (-10 + -4 + -3 + 11)?
1
Calculate -2 + (0 + -2 - -9).
5
What is the value of 1 - (-5 - -11 - 3 - -1)?
-3
Calculate 28 + -37 + 3 + 2.
-4
What is the value of (7 - 4) + 3 + -2?
4
What is -67 + 62 + 5 + 1?
1
What is 3 + (-6 - -2) + (-5 - 1)?
-7
Calculate 7 + -2 - (0 - (3 + -4)).
4
Evaluate 12 - (-2 - 0) - 5.
9
What is 7 - (-5 + 14 + (-8 - -4))?
2
-1 + (8 + -6 - 2)
-1
Evaluate 8 - 8 - (-2 - -2).
0
Evaluate 1 + 1 + (5 + -2 - 6).
-1
Evaluate 1 - (-3 - 0 - -6).
-2
Evaluate 4 + (1 - (7 - -4)).
-6
-22 + (4 - -1) + 13
-4
(-7 - (-3 + -3) - 3) + -2
-6
What is (-8 - -1) + (-7 - -12 - 1)?
-3
What is 4 + -4 - 1 - -1?
0
Calculate -2 + (0 + -4 - -5) - -4.
3
1 + -11 + -6 + 13 + -3
-6
What is the value of -8 - -13 - (3 - 1)?
3
Evaluate -4 - (6 + -17) - 4.
3
Calculate -2 - (9 - 9 - -2).
-4
Calculate -5 + 4 - (0 + 4).
-5
What is 3 + (3 + -4 - -1) + -4?
-1
-5 - (-3 - 4 - -4)
-2
170 - 171 - (1 + -2)
0
-2 + 6 - (-2 + 5)
1
What is -16 + 4 + (12 - -2)?
2
What is the value of (0 - 1) + 6 + -6 - 4?
-5
What is 2 + (5 + 0 - 7) + -3?
-3
(3 - 3) + 2 + -2
0
Calculate -9 - (-19 + -3) - 9.
4
What is 15 - (14 - -1) - (0 + -3)?
3
What is the value of (-5 - (-8 - 4)) + -2 - -3?
8
1 + 3 + 11 + -16
-1
What is the value of 2 - 10 - (16 - 16)?
-8
Calculate (2 + 1 - 4) + 0 + 2.
1
2 + 2 + 9 + (1 - 7)
7
-2 + (1 + -1 - (-2 - -3))
-3
Evaluate 4 - 9 - (-9 + (5 - 5)).
4
What is 4 - (2 + 3 + 4 - 2)?
-3
(-14 - (3 - 4)) + (8 - 2)
-7
34 - 28 - (-3 + 2 - -10)
-3
6 + -1 + 10 + -20
-5
-7 - (-1 + 2 + -2 + -2)
-4
Calculate -1 + -7 + (8 - (2 - -2)).
-4
Calculate 5 + 6 + -15 - -2.
-2
What is (10 - 3) + -3 - 15?
-11
Calculate 0 - (-3 + 1 + 2 + -2).
2
Calculate (-6 + 1 - -2) + 5.
2
What is the value of 3 + -4 + (0 - -2)?
1
Calculate -4 + -6 + (-2 - -21) + -4.
5
What is the value of (-5 - -3 - 1) + (-3 - -2)?
-4
Evaluate -6 - (2 + -2 + 14 + -19).
-1
-11 + 15 + (-1 - 1)
2
What is the value of (-1 - -5) + (-1 - 1)?
2
Calculate -8 + 3 - (0 - (0 - 0)).
-5
Evaluate 2 - (8 - (5 - 2)).
-3
-8 + -4 + (19 - 16)
-9
What is (0 - (11 - 6 - 11)) + -1?
5
Calculate -6 - -6 - (1 + -4).
3
1 + (4 + (0 - 2) - 4)
-1
Evaluate -3 + 2 + (-1 - 2).
-4
What is the value of 3 - (10 + 1) - (2 - 6)?
-4
Calculate -1 - (-2 + 0) - (-7 + 8).
0
Calculate -5 - (16 + -21 + (0 - -4)).
-4
Evaluate -5 - (-4 + -5 + 1).
3
35 + -31 + (4 - 2)
6
(2 - 8) + (-39 - -41)
-4
What is the value of (-5 - -14) + -4 + -4 + -2?
-1
Evaluate 10 - (-2 + 1 + 7).
4
What is the value of 2 - 7 - (-5 + 23 + -14)?
-9
Calculate 1 - -4 - (3 + -1).
3
Calculate 1 + -9 - (6 + -1 - 11).
-2
Calculate (27 - 28) + 1 + -6.
-6
What is -6 - (-20 + 10 + 6)?
-2
Calculate 4 - (-6 + (6 - -2)).
2
What is -2 + (-2 - (3 + -2)) + 9?
4
Calculate -3 + -2 + 3 + -2.
-4
Evaluate 2 + (4 - 12 - -2).
-4
(6 - -2) + (1 - -1)
10
1 + (7 - 10) - -1
-1
Evaluate 36 + -29 + (-5 - -1) - -5.
8
Calculate 10 + -14 - (-8 - 0).
4
Evaluate 0 - (-1 + -2 + 5 + 1).
-3
What is the value of (1 - -3 - -3) + -6?
1
What is (3 - 4) + 0 + -2 + 3?
0
What is 13 - 10 - (4 - 0)?
-1
(-1 + 0 - 4) + 2
-3
0 + 0 + 2 - 3
-1
What is the value of 0 - 4 - (-5 + (2 - 0))?
-1
What is (3 - (2 + -1 + 2)) + -2?
-2
What is the value of -4 - (5 + -6 + -4 - -5)?
-4
Evaluate 50 + -51 - (-2 + 4).
-3
Calculate -3 + 1 - (5 - 10).
3
(-3 - (-2 - 5)) + 1
5
Calculate -4 - -3 - (3 - 0).
-4
What is the value of -1 + 3 + 7 + -3?
6
Calculate 29 - (6 - -6) - 10.
7
What is the value of -14 - (-1 + -6) - (4 + 0)?
-11
What is the value of 9 + -1 - (-39 + 51)?
-4
Calculate 1 - ((1 + -9 - 1) + 5).
5
(-6 - -5) + (4 - 2 - -1)
2
What is the value of 1 - 7 - (1 - 12)?
5
What is the value of -1 - (5 + 1 - 1)?
-6
Evaluate 2 + -2 + 5 + -8 - 5.
-8
What is the value of (-37 - -36) + -4 + 0?
-5
Evaluate 4 - 9 - -5 - -3.
3
What is (-3 - (-8 - 3)) + (3 - 8)?
3
Evaluate (-1 - -8) + 7 - 20.
-6
Evaluate -132 + 136 - (10 + 0).
-6
What is the value of 23 - 22 - (0 - 0)?
1
Calculate 2 - (1 - (-5 + 4) - 1).
1
What is 5 + 3 - (11 - 4)?
1
Calculate -5 - (-4 + 8 - 5 - 7).
3
What is 1 - (1 + 3 - 6) - 2?
1
Evaluate 3 - (-1 - (6 - 18)).
-8
-7 - (-6 - (-3 - -10))
6
What is 3 - (-6 + (10 - 4))?
3
Evaluate 3 + (1 - (-4 - (-6 - -1))).
3
Evaluate 25 + -24 - (-11 + 1).
11
Calculate -5 - -1 - (6 + -7).
-3
What is the value of (-7 - (-1 + -4)) + (-1 - -5)?
2
Calculate 1 + 7 - (-11 + 15).
4
What is the value of 100 + -98 - (0 - -10)?
-8
What is the value of 7 + (-12 - -3) + 5?
3
What is the value of 16 + -12 - (-3 - (-4 + 4))?
7
What is 1 - (0 - -1 - -1)?
-1
What is the value of (-1 - 0) + -1 - -2?
0
What is the value of -3 + 8 - 5 - 1?
-1
Evaluate -4 + (-7 - (3 - (7 - -1))).
-6
Calculate 2 + (-3 - -8) - (17 - 11).
1
-1 + 6 + -1 + -3
1
-2 - -4 - (-10 + (-5 - -12))
5
Evaluate (4 - (2 + 6) - -2) + -3.
-5
Calculate 0 - -2 - 10 - (1 + -5).
-4
-8 - ((-2 - 1) + (55 - 59))
-1
Evaluate 1 + 1 + (-4 - -4).
2
What is -5 + 2 - (-9 - -8)?
-2
7 + (10 - 3) + -8
6
Calculate -13 + -24 + 22 + 7 + -1.
-9
-14 - (0 + -9) - (-14 + 1)
8
Evaluate (-868 - -865) + (1 - (0 + -7)).
5
-5 - -9 - (-1 - 2 - -2)
5
Evaluate -10 - (-13 - (-7 - -11)).
7
What is the value of 3 + 3 - (8 + 1 - 6)?
3
Evaluate -2 - (-5 + 3 + 5).
-5
Evaluate 0 + 4 - (-15 + 15).
4
Calculate 3 + (2 - 2) - 2.
1
Evaluate -9 - (-1 + (-2 - 0 - 1)).
-5
Evaluate 3 + -1 + -7 + 3 + -2.
-4
Evaluate (-3 - (9 - 9)) + 9.
6
What is the value of -3 + (3 - -1) + -5?
-4
What is 7 + -4 + 2 - (35 + -36)?
6
(1 - -15) + (0 - (20 - 12))
8
What is the value of 12 - (4 + 1) - 3?
4
What is -1 - (2 + 4 + 4 + -12)?
1
Calculate (0 - (-3 + -1) - -1) + -2.
3
-1 - (0 - (4 - -2))
5
(-44 - -50) + -3 + 1
4
Calculate 1 + (-4 - 3) + 2.
-4
Evaluate -4 + 2 - (-1 - 1) - -4.
4
Evaluate (-3 - -3) + 3 - (-2 + 10).
-5
What is the value of -1 + 4 + -5 - (2 - 2)?
-2
What is -3 - (-6 + (2 - -6) + -5)?
0
Evaluate 9 + -6 + (6 - 2).
7
31 + -25 - (11 - (0 + 1))
-4
What is 10 + -2 + (-23 - -18)?
3
What is the value of -6 + (3 + -3 - -4)?
-2
(-1 + -3 - -5) + -3
-2
What is the value of -7 + 17 + -23 + 14?
1
0 + (-1 - -4) + (-5 - 0)
-2
Evaluate -1 + 5 - (2 + -1).
3
Evaluate (6 - (5 + -2)) + -3 - 0.
0
Evaluate -19 - -30 - (13 - 2).
0
Evaluate 6 + (4 - -8) + -22.
-4
-4 - (-5 + 5 + -2)
-2
8 + -4 + 3 + -5
2
What is 10 + -19 + 12 - (10 + 1)?
-8
Evaluate 4 - ((-13 - -4) + 2).
11
7 - ((-9 - -16) + 4)
-4
Calculate (0 - -4) + (-2 - 8 - -3).
-3
Calculate -3 + 11 + 1 - 2 - 3.
4
Calculate (1 - 2 - (-10 + 4)) + -2.
3
3 + 0 + (-14 - -3) + 14
6
What is the value of -2 - ((3 - 3) + -4 - -2)?
0
What is the value of 8 - 5 - -5 - 3?
5
What is (4 + 0 - 5) + -1?
-2
Calculate -12 + 16 - -4 - (1 + -1).
8
What is the value of 0 - -1 - (-4 - 0)?
5
What is the value of 2 + (-10 - -5) + 3?
0
5 - (-1 + 2) - 1 - 3
0
What is the value of -12 + 14 - (-1 - 2)?
5
-4 + -4 + 7 + (2 - 1)
0
Calculate 3 + 0 + 0 + -7 + 4.
0
(-3 - (-3 + 2 + 2)) + 0
-4
What is 